7 composite?
False
Is 64301 composite?
False
Is 555487 prime?
True
Is 100447 a prime number?
True
Is 87757 composite?
True
Is 13483 composite?
True
Is 120541 a prime number?
False
Is 27779 a prime number?
True
Is 409879 prime?
True
Is 13423 a prime number?
False
Is 23369 composite?
False
Is 1686167 a composite number?
True
Is 2477 a composite number?
False
Is 41099 a composite number?
True
Is 142235 a prime number?
False
Is 844309 prime?
True
Is 1315487 a composite number?
False
Is 4609 a composite number?
True
Is 46471 prime?
True
Is 257921 a composite number?
False
Is 14699 a prime number?
True
Is 1457879 prime?
True
Is 11947 composite?
True
Is 284587 composite?
False
Is 9005 a composite number?
True
Is 247841 composite?
True
Is 15947 composite?
True
Is 45389 composite?
False
Is 59333 a composite number?
False
Is 6017 a prime number?
False
Is 18391 a prime number?
False
Is 13159 prime?
True
Is 10007 a composite number?
False
Is 323201 prime?
True
Is 449 prime?
True
Is 72869 a composite number?
False
Is 1393 composite?
True
Is 2279 a prime number?
False
Is 36229 prime?
True
Is 6719 a prime number?
True
Is 781951 a composite number?
False
Is 54811 composite?
True
Is 12611 composite?
False
Is 4713 a prime number?
False
Is 28051 composite?
False
Is 13385 prime?
False
Is 4967 prime?
True
Is 68683 composite?
False
Is 6063683 composite?
False
Is 22463 composite?
True
Is 33379 a prime number?
False
Is 11597 a composite number?
False
Is 454709 composite?
False
Is 20483 prime?
True
Is 5549 composite?
True
Is 13443 a composite number?
True
Is 277 a prime number?
True
Is 41141 a prime number?
True
Is 851509 prime?
False
Is 888823 a composite number?
True
Is 596351 prime?
False
Is 234853 a prime number?
False
Is 283859 prime?
True
Is 1184057 a prime number?
False
Is 2813 composite?
True
Is 8093 a composite number?
False
Is 11233 a prime number?
False
Is 186389 composite?
True
Is 1499713 a composite number?
False
Is 2246039 prime?
True
Is 3302243 prime?
False
Is 917659 a composite number?
False
Is 868181 prime?
False
Is 11291 a composite number?
True
Is 5309 prime?
True
Is 32137 composite?
True
Is 18701 a prime number?
True
Is 177691 a prime number?
True
Is 971 a prime number?
True
Is 1939123 composite?
False
Is 27533 prime?
False
Is 9601 prime?
True
Is 6778 a composite number?
True
Is 1088771 prime?
False
Is 46723 a composite number?
False
Is 629 a composite number?
True
Is 5063 composite?
True
Is 278449 prime?
False
Is 1959341 a composite number?
True
Is 72133 prime?
False
Is 979 a prime number?
False
Is 16795 a composite number?
True
Is 83981 composite?
True
Is 9365 composite?
True
Is 1949 a prime number?
True
Is 66919 composite?
False
Is 6817 prime?
False
Is 10973 a composite number?
False
Is 17411 composite?
True
Is 10181 a prime number?
True
Is 280081 a prime number?
False
Is 6329 a prime number?
True
Is 66337 composite?
False
Is 141927 a composite number?
True
Is 15061 composite?
False
Is 328919 a prime number?
True
Is 6803 prime?
True
Is 349523 prime?
False
Is 6953 composite?
True
Is 27767 composite?
False
Is 30574 prime?
False
Is 99211 a composite number?
True
Is 8819 a prime number?
True
Is 21971 a composite number?
True
Is 22679 a prime number?
True
Is 382909 prime?
False
Is 54829 a prime number?
True
Is 309157 a composite number?
False
Is 141023 prime?
True
Is 301139 a prime number?
False
Is 816091 composite?
False
Is 763 a composite number?
True
Is 641885 a prime number?
False
Is 35419 a composite number?
False
Is 11579 a composite number?
False
Is 86321 a prime number?
False
Is 750559 prime?
False
Is 210997 composite?
True
Is 107405 composite?
True
Is 17337 composite?
True
Is 1243 a composite number?
True
Is 114041 prime?
True
Is 238285 a prime number?
False
Is 478697 composite?
False
Is 250067 a composite number?
True
Is 4957 composite?
False
Is 21959 prime?
False
Is 510847 prime?
True
Is 1367 a composite number?
False
Is 47301 a prime number?
False
Is 14809 a composite number?
True
Is 497719 prime?
True
Is 1662833 composite?
False
Is 18587 a prime number?
True
Is 71447 a composite number?
True
Is 86063 composite?
True
Is 41926 prime?
False
Is 2147 composite?
True
Is 9305 prime?
False
Is 2881 a composite number?
True
Is 138793 a composite number?
False
Is 595661 composite?
True
Is 18695 composite?
True
Is 29269 composite?
False
Is 10651 a composite number?
False
Is 1777 composite?
False
Is 304193 prime?
True
Is 494843 prime?
True
Is 21635 composite?
True
Is 606833 a prime number?
True
Is 6065 a composite number?
True
Is 223061 prime?
True
Is 67777 composite?
False
Is 222461 composite?
False
Is 1543 a prime number?
True
Is 3989 prime?
True
Is 163781 a prime number?
True
Is 42101 composite?
False
Is 2471 a composite number?
True
Is 10379 a composite number?
True
Is 101033 composite?
True
Is 4249 a prime number?
False
Is 717773 composite?
True
Is 3695 composite?
True
Is 1360195 composite?
True
Is 150707 prime?
True
Is 35209 composite?
True
Is 4391 prime?
True
Is 3377119 prime?
True
Is 2957 a composite number?
False
Is 39191 composite?
False
Is 15101 prime?
True
Is 7069 a prime number?
True
Is 541 composite?
False
Is 123559 a prime number?
False
Is 4413 prime?
False
Is 19297 composite?
True
Is 7369 prime?
True
Is 1507 prime?
False
Is 3269 composite?
True
Is 1072657 a prime number?
True
Is 123517 composite?
False
Is 2843 a composite number?
False
Is 103471 a composite number?
False
Is 21766 a composite number?
True
Is 877 composite?
False
Is 631 a prime number?
True
Is 15977 a composite number?
True
Is 133135 a composite number?
True
Is 205867 a prime number?
False
Is 326509 composite?
True
Is 70673 composite?
True
Is 77947 a prime number?
False
Is 1061 prime?
True
Is 6067 a prime number?
True
Is 757 a prime number?
True
Is 558151 prime?
False
Is 85321 a composite number?
True
Is 905 prime?
False
Is 208099 a prime number?
True
Is 6733 a composite number?
False
Is 14567 a prime number?
False
Is 295513 a composite number?
False
Is 7949 composite?
False
Is 34791 prime?
False
Is 60141 composite?
True
Is 2227 a composite number?
True
Is 196681 composite?
False
Is 77797 composite?
False
Is 410797 prime?
False
Is 115 prime?
False
Is 684331 composite?
True
Is 23983 composite?
True
Is 355 a prime number?
False
Is 32267 prime?
False
Is 5574253 prime?
True
Is 311533 composite?
False
Is 43753 prime?
True
Is 1543 a composite number?
False
Is 11483 prime?
True
Is 46923 prime?
False
Is 124847 prime?
True
Is 851911 a prime number?
False
Is 31927 composite?
True
Is 38242 a composite number?
True
Is 412249 composite?
False
Is 134737 a prime number?
False
Is 98179 a composite number?
False
Is 304613 composite?
True
Is 10559 a prime number?
True
Is 107671 prime?
True
Is 715471 a prime number?
False
Is 1712839 prime?
True
Is 526601 a composite number?
False
Is 329619 prime?
False
Is 12781 a composite number?
False
Is 1361 a prime number?
True
Is 87 prime?
False
Is 13579 a prime number?
False
Is 48302 a prime number?
False
Is 409 prime?
True
Is 1490117 a composite number?
False
Is 196247 a prime number?
True
Is 1618 composite?
True
Is 8053 a prime number?
True
Is 257793 prime?
False
Is 983407 prime?
True
Is 510157 prime?
True
Is 141041 prime?
True
Is 4943 prime?
True
Is 80611 a composite number?
False
Is 10279 composite?
True
Is 1689847 prime?
True
Is 16603 a prime number?
True
Is 157507 prime?
False
Is 293441 composite?
False
Is 22583 prime?
False
Is 202 a composite number?
True
Is 29683 a prime number?
True
Is 3967 a prime number?
True
Is 2219 a prime number?
False
Is 23719 prime?
True
Is 335339 prime?
False
Is 43123 prime?
False
Is 229441 composite?
True
Is 19378 a composite number?
True
Is 3353 a composite number?
True
Is 1641895 composite?
True
Is 5469 a prime number?
False
Is 2384591 prime?
False
Is 37253 a prime number?
True
Is 10261 a prime number?
False
Is 23209 a composite number?
False
Is 3587 a prime number?
False
Is 14515 a composite number?
True
Is 2497 a composite number?
True
Is 4169 prime?
False
Is 337963 composite?
True
Is 2879 a composite number?
False
Is 108769 a composite number?
False
Is 5147 composite?
False
Is 80117 prime?
False
Is 135637 composite?
False
Is 30817 composite?
False
Is 72859 a composite number?
False
Is 143137 prime?
True
I